 n is divided by ((-16)/10)/((-4)/20).
2
Suppose 4*m - 340 = 4*a, -3*m - 2*m = a - 437. Suppose -3*u + m = -15. Suppose -12*j = -14*j + 36. Calculate the remainder when u is divided by j.
16
Suppose -16 = -5*d + 3*z, -d + 4*z + 9 + 1 = 0. Suppose 0 = -t - d*b + 98, 3*t - b = 240 + 61. What is the remainder when t is divided by 13?
9
Let z(y) = 2*y - 5. Suppose -1059*m - 74 = -1048*m - 437. Calculate the remainder when m is divided by z(7).
6
Let k(l) be the third derivative of l**6/120 - l**5/10 + l**4/6 + 4*l**3/3 - 5*l**2. What is the remainder when 125 is divided by k(6)?
29
Let f(a) = a**3 + 19*a**2 - 6*a + 5. Let k be f(-19). Let m = k - 108. What is the remainder when 20 is divided by m?
9
Suppose 2*s + 1 = 5, 0 = -3*b - 4*s + 38. Suppose 3*v = 4*p - 163, -v + 6*v = 5*p - 210. Calculate the remainder when p is divided by b.
7
Let f(k) = -2*k**3 - 3*k**2 - 5*k + 1. Let n = 18 + -15. Suppose 74 = n*b + y + 1, 2*b - 2*y = 62. Calculate the remainder when f(-4) is divided by b.
23
Calculate the remainder when 139 is divided by 45/30 - (1365/(-6))/7.
3
Suppose -3 - 15 = -l. Suppose 4*w - 2 = l. Calculate the remainder when (-34)/(-3) + 4/6 is divided by w.
2
Let f be 8/52 + (-3192)/(-39). Suppose 4*p - y - 23 = 46, 5*p - f = -3*y. What is the remainder when p is divided by 8/(-6)*(-27)/6?
5
Suppose -344 = -5*u - 6*i + 5*i, -279 = -4*u + 3*i. Calculate the remainder when 410 is divided by u.
65
Let x be ((11 - (8 + -4)) + 1)*-1. Let b(n) = n + 35. Calculate the remainder when 52 is divided by b(x).
25
Let i = 694 + -642. Calculate the remainder when 207 is divided by i.
51
Suppose -40*t + 38*t = -48. What is the remainder when 212 is divided by t?
20
Let h = -335 + 353. What is the remainder when 51 is divided by h?
15
Suppose -2*m + 390 = 2*c, m + 2*c = 237 - 40. Calculate the remainder when m is divided by 38.
3
Let x = 300 - 123. Suppose -4*p + c + x = 4*c, -4*p - 5*c = -175. Let i = p - 19. What is the remainder when 51 is divided by i?
25
What is the remainder when 22 is divided by 33/3 + -7 - 1*-8?
10
Suppose -401 = -35*w + 3869. What is the remainder when w is divided by 118?
4
Suppose 5*n - 2*i - 534 = 0, -2*n = -7*n - 5*i + 555. What is the remainder when 863 is divided by n?
107
Suppose v + 6*y = 3*y + 306, -5*y + 918 = 3*v. Calculate the remainder when v is divided by 42.
12
Let f(y) = -21*y + 118. What is the remainder when 383 is divided by f(3)?
53
Let n(c) = c + 28. Let j(q) = -q**2 - 11*q - 22. Let w be j(-10). What is the remainder when 78 is divided by n(w)?
14
Suppose 49 = 3*r - 5*s, 4*s = 5*r - 13 - 47. Suppose -y = y - 2*i - r, -i - 16 = -5*y. Suppose y*b = 19 - 7. What is the remainder when 11 is divided by b?
3
Let s be 8 + (-9)/3 - -3. Suppose 0 = s*a - 4*a + 28. Let j = 10 - a. What is the remainder when j is divided by 9?
8
Let w = 90 - 28. Let h(z) = z**3 - 10*z**2 + 18*z - 3. Calculate the remainder when w is divided by h(8).
10
Suppose 2*b + 0*b - 128 = 0. Suppose 14*n - 6*n = b. Calculate the remainder when 31 is divided by n.
7
What is the remainder when 58 is divided by (-1620)/(-50) - (-4)/(-10)?
26
Let j(t) = -7*t - 3 + 4*t - 3*t**2 + 42*t**3 - 46*t**3. What is the remainder when 87 is divided by j(-2)?
18
Let k(o) = -o**3 - 8*o**2 + 6*o - 17. Calculate the remainder when 158 is divided by k(-9).
8
Let f(t) = -41*t - 277. Let m be f(-6). Suppose 3*i + 156 = -i. Let z = m - i. What is the remainder when 54 is divided by z?
6
Let j = -37 - 24. Let i = 90 + j. Calculate the remainder when 75 is divided by i.
17
Calculate the remainder when (2/8)/((-11)/(-4532)) is divided by 37.
29
Let s = 22 - 26. What is the remainder when -414*(4/3)/s is divided by 28?
26
Suppose -1292 = -6*h - 11*h. Let z = -21 - -53. Suppose x - 7 - z = 0. Calculate the remainder when h is divided by x.
37
Let r(o) = -o + 13*o + 444 - 235 - 224. Suppose 2*l = 3*l - 11. Calculate the remainder when r(3) is divided by l.
10
Let r be (-3 - -1)*(-35)/10. Let x = r + 3. What is the remainder when x is divided by (-6)/3 + 4 + 1?
1
Let x(f) be the second derivative of f**5/20 + 5*f**4/12 - 13*f**3/6 - 8*f**2 - 30*f. What is the remainder when 49 is divided by x(-6)?
23
Let t be (-3)/9 + (-33)/9. Let f be -1 - (-2)/t*-34. Let v = 23 - f. Calculate the remainder when v is divided by 4.
3
Let s(z) = z - 3. Let h be s(3). Suppose d - 243 = -3*d - 5*o, h = 2*d - 5*o - 129. What is the remainder when 13 is divided by d/8 - (-13)/52?
5
Let u(z) = z**2 - 30*z - 32. Calculate the remainder when u(34) is divided by 31.
11
Let g(p) be the third derivative of -17*p**4/24 - 4*p**3/3 + 4*p**2. Calculate the remainder when g(-3) is divided by 15.
13
Let u = 1223 + -1161. Let a(h) = -h**2 + 8*h + 4. What is the remainder when u is divided by a(6)?
14
Suppose 4*w - 2*j - 208 = 0, -3*j = -4*w + 2*w + 108. What is the remainder when (-2 + 1 - -2)*202 is divided by w?
49
Suppose 43*n + 145 = 532. Suppose 2*r - w - 67 = 0, 4*r + 4*w + 13 = 141. What is the remainder when r is divided by n?
6
Suppose 0 = -5*i - 56*z + 58*z + 253, -3*z = -5*i + 257. Calculate the remainder when 185 is divided by i.
38
Suppose -5*w - 108 = -423. Suppose 0 = -451*s + 442*s + 126. Calculate the remainder when w is divided by s.
7
Let o(z) = 2*z**3 + 20*z**2 - 24*z - 15. Calculate the remainder when 214 is divided by o(-11).
4
Suppose 35 = 5*g - 105. Suppose 5*w - g = 52. What is the remainder when 63 is divided by w?
15
Suppose 0 = 8*y - 7*y - 2. Suppose -3*d - 28 = -l, l - 49 = -2*l + y*d. Suppose 2*p = 0, -2*p + 6 + 138 = 4*a. Calculate the remainder when a is divided by l.
10
Let s(y) = 3*y**2 + 2*y + 5. Let d be (0 - -6 - 1)/1. Calculate the remainder when s(d) is divided by 31.
28
Let i = -553 - -753. What is the remainder when i is divided by 103?
97
Let m = -26 - -37. Suppose -m*f - 21 = -14*f. Suppose 0*n = n - f. What is the remainder when n is divided by 5?
2
Suppose -100*t + 99*t = -56. What is the remainder when 116 is divided by t?
4
Let b(w) be the third derivative of w**6/120 - 7*w**5/60 - 11*w**4/12 - 13*w**3/6 + 27*w**2. What is the remainder when b(10) is divided by 17?
16
Suppose 3*f + s = 6*f - 208, 2*f = -4*s + 134. Calculate the remainder when f is divided by 64.
5
Suppose 0 = -42*o + 46*o - 436. Suppose -5*c - 3*k + 83 = -9, 4*c - 4*k = 48. Calculate the remainder when o is divided by c.
13
Suppose 63*n - 25*n - 760 = 0. Suppose 280 = 4*p + p. What is the remainder when p is divided by n?
16
Suppose -a + 39 = -2*s - s, 2*a + 3*s = 60. Calculate the remainder when 131 is divided by a.
32
Let b = 106 + -73. Let w = b + -5. Calculate the remainder when 82 is divided by w.
26
Suppose 139*u - 2394 = 97*u. Calculate the remainder when 169 is divided by u.
55
Let g(i) = -6*i - 2. Let y be ((-6)/(-15))/(1/5) + -97. Let r = -57 - y. Calculate the remainder when r is divided by g(-2).
8
Let a be (-1 - 85) + 0 + 4. Let v = a + 87. Suppose -4*u + 12 = -4. What is the remainder when v is divided by u?
1
Suppose -3*r + 5*s + 67 = 0, 3*r - s = 95 - 12. Let l = -77 + 77. What is the remainder when 84 - (3 - (3 + l/3)) is divided by r?
26
Suppose 2*q = -q - 3*j + 30, 2*q + 3*j = 24. Suppose 3*c + 5*g = 29, -2*c = -q*c + 3*g. Calculate the remainder when 34 is divided by 2/c + (-25)/(-3).
7
Suppose -k + 5*k - 16 = 0. Suppose 3*f = k*z - 925, -587 = -3*z - 5*f + 85. Suppose -3*y = -z + 46. Calculate the remainder when y is divided by 16.
13
Suppose 14 = -4*c + 6*c. Suppose 64 = c*v - 3*v. What is the remainder when 31 is divided by v?
15
Let b(c) be the first derivative of -c**4/4 + 7*c**3/3 - 3*c**2 + 3*c + 1. Let v be 0 + 6 + -5 + 5. What is the remainder when 11 is divided by b(v)?
2
Let s(u) = u**2 + 20*u - 524. What is the remainder when s(-37) is divided by 4/(-14) + 256/14?
15
Suppose -12 = 4*w - w. Let u(k) = -11*k + 4. Let b be u(w). Suppose 3*x - b = -0*x. What is the remainder when 28 is divided by x?
12
Suppose 3*h = -5*n - 14, -3*h = -7*h + 3*n - 9. What is the remainder when ((-64)/h)/((-2)/(-15)) is divided by 27?
25
Suppose -252 = -9*b - 5*b. Let c be 4/(-16) - 437/(-4). Let w = c - 40. What is the remainder when w is divided by b?
15
Let a(m) = -5*m - 3. Let z be a(-3). Suppose -7*w + z*w = 15. Suppose -w*k + 30 = 12. Calculate the remainder when 21 is divided by k